 m = 12 - 2. What are the prime factors of (-210)/(-27) + m/45?
2
Suppose 8 = 4*n, n - 52 = -4*f + 3*n. What are the prime factors of f?
2, 7
Let u be 6/(-10) - (-18)/5. Suppose u*z = 33 + 36. List the prime factors of z.
23
Let h(j) = j**2 - 13*j + 14. Let i be h(12). Let r = 12 + -1. Suppose -r = -i*z - 1. List the prime factors of z.
5
Suppose 2*p - 486 + 55 = -3*j, -2*p + 2*j + 416 = 0. List the prime factors of p.
211
Let u(b) be the second derivative of 5*b**3/2 - b**2 + b. Let y be u(2). What are the prime factors of y/5 + (-4)/(-10)?
2, 3
What are the prime factors of 61/(-2)*-2 - (1 + -3)?
3, 7
Let a(f) = -f**3 + 13*f**2 - f - 11. List the prime factors of a(12).
11
Let y be 2/3 + 236/6. Suppose i - y = -3*i. What are the prime factors of i?
2, 5
Let a(x) = 3*x**3 + x + 1. What are the prime factors of a(2)?
3
Let d(s) = -s**3 + s**2 - s + 14. Suppose 3*c = -7 - 2. Let i = 3 + c. What are the prime factors of d(i)?
2, 7
Let h = 61 + 106. What are the prime factors of h?
167
Let b = 261 + -130. List the prime factors of b.
131
Suppose 5*w + 22 = 187. List the prime factors of w.
3, 11
Suppose 0 = -4*k + 268 + 12. What are the prime factors of k?
2, 5, 7
Let f be 10/3 - 2/(-3). Suppose -y + 11 = 2*m, -f*y + y - 16 = -m. List the prime factors of m.
7
Suppose -61 = -4*v + 131. Let w = -1 + -3. What are the prime factors of w/(-10) + v/5?
2, 5
Let j be 1/(-4) - (-113)/4. Suppose -3*c = j - 190. Suppose c = 5*n + 19. List the prime factors of n.
7
Suppose 34 = 6*g - 38. Suppose 0 = -a + g + 5. What are the prime factors of a?
17
Suppose -2*i + 4*i = 14. Let j = -4 + 8. Suppose j*p = 5*p - i. List the prime factors of p.
7
Suppose 265 = -2*g + 7*g. Let h = g - 18. What are the prime factors of h?
5, 7
Let m = -5 + 16. What are the prime factors of m?
11
Let x = 346 + -208. List the prime factors of x.
2, 3, 23
Suppose -5*v = -5*h - v - 12, 3*v - 9 = -5*h. Suppose h = -3*t + 72 + 3. What are the prime factors of t?
5
Let u(x) be the first derivative of 3*x**2 + x - 1. What are the prime factors of u(5)?
31
Suppose 721 = 5*h - 3*s, -3*h + 570 = h + s. List the prime factors of h.
11, 13
Let j(s) = s**2 + 5*s + 2. Let f be j(-5). Suppose 2 = f*y + w, -3*y - 4*w + 2 - 9 = 0. List the prime factors of y.
3
Let u = -22 - -24. Suppose -2*m + 58 = -u*w, -m = 5*w - 4*w - 31. List the prime factors of m.
2, 3, 5
Suppose -5*o - 20 = 2*k, -3*o + 0*k = k + 11. Let g(c) = -14*c - 1. What are the prime factors of g(o)?
3
Suppose 2*r - 5*r + 180 = 0. Let z = r - 43. List the prime factors of z.
17
Suppose -6*a - 19 + 67 = 0. List the prime factors of a.
2
What are the prime factors of ((-1)/2)/(((-66)/(-3264))/(-11))?
2, 17
Let h be (-638)/(-8) + (-3)/(-12). Suppose -10 = -2*o, -95 = -5*w - 3*o + h. List the prime factors of w.
2
Let s(a) = -6*a + 1 + 8 - 1. What are the prime factors of s(-4)?
2
Let w = -146 - -297. List the prime factors of w.
151
Suppose -r = 3*c + 13, 2*r = -2*r + 3*c - 67. Let d = 26 + r. List the prime factors of d.
2, 5
Let u = -64 + 423. What are the prime factors of u?
359
Suppose -m = -2*m + 38. Suppose -2*j - 14 = -m. Suppose -3*v + 6*v = -j, 2*d = 2*v + 28. List the prime factors of d.
2, 5
Suppose 4*w + j = -4*j + 11, 4 = -w + j. Let q be 15 + (-4)/(w - 1). Suppose -4*f - 2*c = -3*c - q, f - 2 = -2*c. What are the prime factors of f?
2
Suppose -3*q + 7*q = 16. Let p(f) = q*f - f**3 - f - 4*f + 9. What are the prime factors of p(0)?
3
Let t be (-836)/(-16) + (-2)/8. Suppose 2*o + 174 = 4*p - 3*o, p = -3*o + t. What are the prime factors of p?
2, 23
Let g(h) = 2*h + 4. Let n be g(-2). Suppose 3*c + 2*c - 20 = 0. Suppose -c*l = -n*l - 16. List the prime factors of l.
2
Let g = -73 + 103. List the prime factors of g.
2, 3, 5
Let z = 18 + -8. Suppose -3*c + 6*u = u, 4*c - 17 = u. What are the prime factors of (3/c)/(2/z)?
3
Let g(d) = d + 2. Let f be g(4). Let r(x) = x**3 - 7*x**2 + 5*x + 8. What are the prime factors of r(f)?
2
Let t = 825 - 582. What are the prime factors of t?
3
Let o(j) = 35*j - 2. List the prime factors of o(1).
3, 11
Suppose -4*b = -16, 5*a + 58 = 4*b - 43. Let o = -6 - a. List the prime factors of o.
11
Let q be (-8)/(-4)*(-2)/2. List the prime factors of q*(0 - -1) - -13.
11
Suppose -2*j = j - 15. Suppose 4*t - 35 = 3*a, t + j*a - 23 = a. What are the prime factors of t?
11
What are the prime factors of ((-12)/14 - 0)*(-8 + -20)?
2, 3
Let y = -26 + 65. Let r be y/((27/(-6))/(-3)). Suppose -2*m - 5*n + 5 = -r, -3*m = -n - 4. List the prime factors of m.
3
Let f = -3 + 6. Suppose -f*s + 52 = s. What are the prime factors of s?
13
Suppose j - 67 = -c - j, j = -5*c + 299. What are the prime factors of c?
59
Suppose 0 = -3*g + 4*g - 10. Suppose -3*d + 0*d - g = m, -2*m - 10 = 4*d. Let c = m + -3. What are the prime factors of c?
2
Let m(y) = 8*y**2 - y - 1. Let c(b) = -b**2 - 8*b - 1. Let q be c(-6). Suppose -3*d + a + 3*a = q, 5 = 5*d + 5*a. List the prime factors of m(d).
2
Suppose -3*a + a + 77 = v, 0 = -4*v + 12. Suppose n - 2*n + a = 0. What are the prime factors of n?
37
Let z = 2 - 6. Let t = z - -4. Suppose -5*n + 5 = -5*m, t = 4*m + 13 - 33. List the prime factors of n.
2, 3
Suppose 8 = -2*p + 3*w, -2*p + 4*w = -0*w + 10. Let j(y) = -12*y**3 + y**2 + y + 1. Let i be j(p). Let o(l) = l**2 - 13*l + 10. List the prime factors of o(i).
2, 5
Let g(d) = -24*d + 39. List the prime factors of g(-7).
3, 23
Suppose -2*p + 237 + 97 = 4*l, 3*p + 4*l - 507 = 0. What are the prime factors of p?
173
Let s = -6 + 13. Suppose -3*c + 6*c + 15 = 0. Let b = c + s. List the prime factors of b.
2
List the prime factors of (-1 - -1 - 2)/(-1).
2
Let c(t) be the first derivative of -t**4/4 - 2*t**3 + 3*t**2 - 4*t + 1. What are the prime factors of c(-7)?
3
Let f be 1*-45 + 4/(-4). Let p = -13 - f. Suppose -3*u + p = -3. What are the prime factors of u?
2, 3
Suppose -5*u + 403 = 3*h, -u + 2*h = 3*u - 340. What are the prime factors of u?
83
Let i = -287 + 420. What are the prime factors of i?
7, 19
Let b = 7 - 2. Let p(g) be the first derivative of 3*g**2/2 - 5*g + 2. List the prime factors of p(b).
2, 5
Suppose 0 = -w - 5*z + 41 + 52, 4*z = 0. List the prime factors of w.
3, 31
What are the prime factors of -5*(-55)/(-50)*-4?
2, 11
Suppose 3*r - 7*q + 2*q - 100 = 0, 3*q = r - 28. What are the prime factors of r?
2, 5
Let d be 2/(1 + -3) + -8. Let l(p) = -4*p**3 + 4*p**2 + 9. Let o(g) = 3*g**3 - 5*g**2 - 8. Let r(w) = -4*l(w) - 5*o(w). What are the prime factors of r(d)?
2
Let q = 31 - 19. What are the prime factors of q?
2, 3
Let p(c) = -c + 3. Let q(a) = 11*a**2 + 13. Let x(v) = -5*v**2 - 6. Let b(i) = -6*q(i) - 13*x(i). Let m be b(2). List the prime factors of p(m).
7
Let z(j) = -4 + 12*j + 4*j + 3. What are the prime factors of z(1)?
3, 5
Let i(a) = -3*a**2 + 6*a + 7. Let l(j) = 4*j**2 - 7*j - 8. Let d(p) = 7*i(p) + 6*l(p). What are the prime factors of d(1)?
2
Let m(f) = f**2 - 9*f - 18. What are the prime factors of m(15)?
2, 3
Let c(h) = h - 1. Let f be (-3)/2*1*-2. Let a be c(f). Suppose -a*l = -3*l + 4. What are the prime factors of l?
2
Let t be ((-45)/4)/(-5)*-4. Let u be 1/3 - 330/t. Let a = u + -25. What are the prime factors of a?
2, 3
Suppose -59 = 3*g - 2*g. Let f = -42 - g. List the prime factors of f.
17
Let o(j) = 2*j**3 - 2*j**2 - 2*j + 2. Let g be o(2). Let a(n) = 1. Let r(v) = -3*v + 5. Let i(b) = -3*a(b) - r(b). What are the prime factors of i(g)?
2, 5
Suppose 2*i + 1 = -1. Let x(r) = -5*r + 1. Let m be x(i). Suppose 12 = 2*w - m. List the prime factors of w.
3
Let o(q) = 18*q + 1. Let y be o(-1). Let i = 39 + y. Suppose 10 = 2*j, 27 = 3*b + 2*j - i. What are the prime factors of b?
13
Let j(f) = -f + 2. Let c be j(4). List the prime factors of (-3)/c*-1*-6.
3
Let w = -1 - -5. List the prime factors of (-12)/8 + 46/w.
2, 5
What are the prime factors of (-1)/6*-3*58?
29
Let y be (60/16)/((-3)/8). What are the prime factors of (-75)/y*(-8)/(-10)?
2, 3
Suppose 4*i = 7*i - 159. List the prime factors of i.
53
Suppose -6*k = -3*k - 9. What are the prime factors of (9/(-2))/(k/(-8))?
2, 3
Let s = 5 + -2. Suppose -4*g - m = -0 - 6, -s*g - 3*m = 0. List the prime factors of g.
2
Let b be 0 + ((-2)/2 - -919). Suppose 0 = 4*f - f - b. What are the prime factors of 4/(-10) - f/(-15)?
2, 5
Let a(b) be the second 